 = 4*w + 3*n + 44, -n + 20 = -4*w + 2*n. Let m = w + 44. Suppose -6*j + m = -2*j. What is the units digit of j?
9
Let q(i) = i**2 + 4*i - 26. What is the tens digit of q(12)?
6
Suppose 0 = -13*z + 11*z + 108. What is the units digit of z?
4
Suppose 0 = m - 2*r - r - 124, 0 = -3*m - r + 332. What is the tens digit of m?
1
Suppose 4*n = -0*n + 4*s + 356, 91 = n - 2*s. What is the tens digit of n?
8
Suppose 2*i = a + 2 - 27, 0 = 3*a - i - 90. What is the units digit of a?
1
Suppose 5*m - 185 = -5*q - 0*m, -q + 4*m = -57. What is the tens digit of q?
4
Let r = 512 - 322. What is the units digit of r?
0
Let g = -11 + 7. Let x = 6 + g. Suppose 5*n - a - 29 = a, x*n - 2 = 4*a. What is the units digit of n?
7
Let y be (3 + 1)*(2 + -3). Let x(n) = 2*n**2 + 4*n. What is the units digit of x(y)?
6
Suppose -3*k - 2 = -k. Let o be (2/5)/(k/(-5)). Let q = 3 - o. What is the units digit of q?
1
Let v be (-1)/(-2)*2 - 1. Let s(z) = 3*z + 1. Let w be s(5). Let y = w + v. What is the tens digit of y?
1
Suppose -7*s + 120 = -3*s - r, -s + 4*r + 30 = 0. What is the units digit of s?
0
Suppose -b + 16 = 3*b. Suppose -j + b = j. What is the units digit of j?
2
Let h(i) = -37*i + 31. What is the hundreds digit of h(-9)?
3
Let s = 88 + -63. What is the units digit of s?
5
Let q(c) = 5*c + 3*c + 1 - 18*c + 2*c. Let h(j) = -2*j**3 - j**2 + j. Let b be h(1). What is the tens digit of q(b)?
1
Suppose 5 + 13 = v - 2*t, 5*v - 30 = -5*t. What is the units digit of v?
0
Let h(d) be the third derivative of d**4/24 + d**3/6 + 4*d**2. Let z = 2 + -2. What is the units digit of h(z)?
1
Let v(o) be the first derivative of -o**3/3 - 3*o**2 - 2*o - 9. Suppose -5*l = -3*f - 20, 0 = 4*f + f - 2*l + 27. What is the units digit of v(f)?
3
Let w = 4 - 6. What is the units digit of ((6 - -2) + w)*1?
6
Suppose 5*x - 3*c = -23, x + c = -2*x - 25. Suppose -5*v = 4*t - 48, 4*v - 28 = 3*t - t. Let a = v + x. What is the units digit of a?
1
Suppose 0 = -4*c + 3*c. Let h = c - -4. What is the units digit of h?
4
Suppose -3*b = -2*w - b + 68, 4*w + 5*b = 145. What is the tens digit of w?
3
Let b be (9/6)/((-2)/(-4)). Suppose -b*g - 4 = 2. Let q = g + 4. What is the units digit of q?
2
Let i be (12/(-30))/(1/(-30)). Suppose 2*o = 14 + i. What is the tens digit of o?
1
Let g(j) = -3*j + 3. Let m be g(3). Let l(v) = -9*v - 11. What is the units digit of l(m)?
3
Suppose -3*b = -0*b + 2*k - 124, -4*b + 188 = -3*k. Suppose 3*u = 4*y - 23 - b, 0 = y + u - 22. What is the tens digit of y?
1
Suppose 4*k - t + 0*t = 178, 3*k - 5*t = 142. What is the units digit of k?
4
Suppose -4*r + 20 = g + r, -4*r + 64 = 4*g. Let j be (-3)/15*-5 + 1. What is the units digit of g/3 - 4/j?
3
Let q(l) = l**2 - 2*l - 7. Suppose -4*i - 2 = -22. What is the units digit of q(i)?
8
Let c(l) = l**2 - 7*l + 5. What is the units digit of c(-7)?
3
Let c(z) = 7*z**2 - z - 3. What is the tens digit of c(5)?
6
Let m = -9 + 11. Let v(z) = z**2 + z - 1. Let u be v(0). Let p = m + u. What is the units digit of p?
1
Let w(v) = -v**3 - 2*v**2 + 7*v + 5. Let i be w(-4). Let u be ((-3)/i)/(1/(-6)). What is the tens digit of (-20)/6*(-6)/u?
1
Suppose 14 = 2*b - 2*m - 0, 5*m + 15 = b. What is the units digit of b?
5
Let j be (-1 - 6) + 5 + -2. Let i = 6 + j. What is the units digit of i?
2
Suppose 4*f - 4 = 2*f. Suppose 4*j - 16 = 4*h, -f*j = 2*j + 5*h - 7. Let p(m) = m**3 - m**2 - 4*m - 1. What is the units digit of p(j)?
5
Let s(d) = d - 1. Let k(m) = 6*m - 6. Let f(t) = k(t) - 5*s(t). What is the units digit of f(8)?
7
Suppose -4*s + j - 160 + 710 = 0, s - 132 = 3*j. What is the hundreds digit of s?
1
Let l be (-1 + 1)/(2 + 0). Let n = 3 + l. What is the units digit of n?
3
Let f(a) = -3*a + 2*a + 4 - 3. Let c be f(-3). What is the units digit of (2/c)/(1/4)?
2
Let p be (2 - 6)*1/2. What is the units digit of ((-50)/(-8))/(p/(-8))?
5
Let v(d) = 7*d**2 + 3*d - 4. What is the tens digit of v(5)?
8
Let s = 2 - 1. Let a = 3 - s. Let z = -1 + a. What is the units digit of z?
1
Let k(x) = -x - 6. Let y be k(-5). Let n(v) = -17*v + 2. What is the units digit of n(y)?
9
What is the units digit of ((-89)/(-4))/((-9)/(-72))?
8
Let i = 14 + -7. Let f = i - 7. Suppose -w + 6 = -f*w. What is the units digit of w?
6
Suppose 0 = w - 2*w + 3*m + 6, -12 = -3*w + 3*m. What is the units digit of w/5 - (-2)/5?
1
What is the tens digit of (2/(-5))/(-1 + 968/970)?
9
Let u be ((-1)/(-2))/((-2)/(-52)). Suppose 6*g - 2*g + a + 12 = 0, -2*a - 12 = 2*g. Let q = u + g. What is the units digit of q?
1
Let x(c) = -c**3 + 5*c**2 + 6*c + 1. Let y be x(6). What is the units digit of (-22)/((y - -1)/(-1))?
1
Suppose 0 = t - 4*o + 15, 2*t + 0*t + 4*o = 30. Suppose t*u - 1 = 9. Suppose 5*b = -5*j + 55, -u*b = 5 - 13. What is the units digit of j?
7
Let w = 38 + -23. Let f = 22 - w. What is the units digit of f?
7
What is the units digit of (-1)/2 + 6492/24?
0
Suppose 5*y - 2*y + 55 = -2*w, 0 = 2*y + w + 35. Let o = -2 - y. What is the units digit of o?
3
Let o(h) = 30*h - 111. Let p(f) = 3*f - 11. Let a = -11 + 32. Let l(w) = a*p(w) - 2*o(w). What is the units digit of l(8)?
5
Suppose -2*x + 3*l + 28 - 88 = 0, x + 5*l + 4 = 0. What is the tens digit of (-166)/(-8) + 18/x?
2
Suppose -7*j + 16 = -3*j. Suppose 0 = -j*z + 79 + 9. What is the tens digit of z?
2
Suppose -2*w = w - 84. Suppose 2*i = -3*i - r + 140, -i = 5*r - w. What is the units digit of i?
8
Let f(z) be the third derivative of -z**4/12 + 4*z**3/3 - 5*z**2. What is the units digit of f(-8)?
4
Suppose 5*w = 3*c - 376, -c - w - 246 = -3*c. What is the tens digit of c?
2
What is the tens digit of (-10510)/(-90) - (1 + 22/(-18))?
1
Suppose -3*u + 143 = -166. What is the hundreds digit of u?
1
Let x(q) = -q**2 - 8*q - 4. Let v be x(-7). Suppose -3*c + 15 = j - v*j, -3*c + 6 = j. Suppose c*f - 40 = -f. What is the units digit of f?
0
Let a(h) = -h**3 - 10*h**2 - 3*h - 5. What is the units digit of a(-10)?
5
Let n(h) be the third derivative of -1/3*h**3 - 11/24*h**4 - 1/60*h**5 + 0 - 2*h**2 + 0*h. What is the units digit of n(-10)?
8
Suppose -138 = -2*j + 4*j. Let i = -36 - j. What is the tens digit of i?
3
Suppose 2581 = 14*i - 2641. What is the tens digit of i?
7
Let k(h) = -h**3 - 9*h**2 + 15*h + 4. Let q be k(-10). Let l = q + 88. What is the units digit of l?
2
Suppose y + 690 - 2150 = -5*v, -4*v - 3*y = -1157. What is the tens digit of v?
9
Suppose r - 6 = -2*r. Suppose -3*v + 6 = -12. Suppose v = s + r*s. What is the units digit of s?
2
Let q = -23 + 33. What is the units digit of q?
0
Let j(q) = q**3 - 8*q**2 - 9*q - 5. Let z be j(9). Let w(u) = -u - 6. Let g be w(z). Let h = 2 + g. What is the units digit of h?
1
Let g = -13 - -33. Suppose 0 = -4*o + g + 24. What is the units digit of o?
1
Let m be ((3 - 12) + 2)*2. Let c = m + 26. What is the units digit of c?
2
Suppose -2*x + 6 - 4 = 0. Let z = 21 + x. What is the units digit of z?
2
Let c be (-4 + -1)*4/10. Let d(j) = -4*j**2 - 3*j - 1. Let h(r) = 4*r**2 + 3*r + 1. Let o(t) = -6*d(t) - 5*h(t). What is the tens digit of o(c)?
1
Let l(d) = 3*d - 2. Let o = -4 + 3. Let b = 3 + o. What is the units digit of l(b)?
4
Let z = 85 + -11. What is the units digit of z?
4
Let x = -59 + 135. What is the tens digit of x?
7
Let b = 1 + -1. Suppose 2 = -2*q - b, t = q + 16. What is the units digit of 5*(2 - 21/t)?
3
Suppose 0 = -4*d + 3*p - 16, -3*d - 12 = -0*d + 4*p. Let n(s) = 0*s - 30 - 9*s + 25 - s**2. What is the tens digit of n(d)?
1
Suppose -5*m + 2*g - 3*g + 3973 = 0, -2*g - 788 = -m. What is the units digit of 20/70 + m/14?
7
Let k = 5 - 3. Suppose 12 - k = 5*z. Suppose 3*q = z*g - 19, 4*g + 0*q - 29 = 3*q. What is the units digit of g?
5
Suppose 0*i - i + 11 = 0. Let x = 1 - i. What is the units digit of x/7*(-6 + -1)?
0
Let k(t) = -t**2 - 5*t + 4. Let o be k(-5). Suppose -o*q + 5 = -7. Let x(s) = -s + 4. What is the units digit of x(q)?
1
Suppose -11*d + 7*d = -32. Let q = -1 - -3. Let l = d + q. What is the units digit of l?
0
Let c = 8 + -3. Suppose -c*u + 18 = -2*u. What is the units digit of u?
6
Let a(w) = -2*w**3 + 5*w + 7. What is the units digit of a(-3)?
6
Let a(y) be the first derivative of y**4/4 - y**3 + 3*y**2/2 - 2*y + 1. What is the units digit of a(3)?
7
Let d(f) = f**3 + 5*f**2 + 4*f - 5. Let i be d(-4). What is the units digit of i/((-10)/(-